1
Calculate the remainder when 202508 is divided by 9.
8
What is the remainder when 4629 is divided by 72?
21
What is the remainder when 7300 is divided by 188?
156
What is the remainder when 54528 is divided by 202?
190
What is the remainder when 15637 is divided by 1202?
11
Calculate the remainder when 5000 is divided by 964.
180
What is the remainder when 19879 is divided by 1419?
13
What is the remainder when 57088 is divided by 19013?
49
Calculate the remainder when 6298 is divided by 107.
92
Calculate the remainder when 112665 is divided by 1909.
34
What is the remainder when 58516 is divided by 163?
162
What is the remainder when 9213 is divided by 486?
465
Calculate the remainder when 90993 is divided by 22746.
9
Calculate the remainder when 14482 is divided by 138.
130
What is the remainder when 16162 is divided by 8?
2
What is the remainder when 277 is divided by 22?
13
What is the remainder when 432613 is divided by 618?
13
Calculate the remainder when 488566 is divided by 1485.
1
Calculate the remainder when 6913 is divided by 660.
313
What is the remainder when 1430 is divided by 467?
29
Calculate the remainder when 2649 is divided by 606.
225
What is the remainder when 2770340 is divided by 203?
202
What is the remainder when 2785 is divided by 97?
69
Calculate the remainder when 160 is divided by 106.
54
What is the remainder when 2840 is divided by 644?
264
What is the remainder when 5114 is divided by 4784?
330
Calculate the remainder when 11437 is divided by 1136.
77
What is the remainder when 20769 is divided by 124?
61
Calculate the remainder when 17153 is divided by 742.
87
What is the remainder when 80941 is divided by 1502?
1335
Calculate the remainder when 313660 is divided by 754.
750
What is the remainder when 11389 is divided by 215?
209
What is the remainder when 100186 is divided by 31?
25
Calculate the remainder when 55454 is divided by 88.
14
Calculate the remainder when 71438 is divided by 13.
3
Calculate the remainder when 233847 is divided by 24.
15
What is the remainder when 10589 is divided by 7?
5
Calculate the remainder when 282242 is divided by 174.
14
Calculate the remainder when 1206622 is divided by 16.
14
Calculate the remainder when 234889 is divided by 51.
34
What is the remainder when 174273 is divided by 25?
23
Calculate the remainder when 17153 is divided by 301.
297
Calculate the remainder when 3666 is divided by 1103.
357
What is the remainder when 17542 is divided by 371?
105
Calculate the remainder when 5566 is divided by 327.
7
Calculate the remainder when 12138 is divided by 1733.
7
What is the remainder when 180466 is divided by 77?
55
What is the remainder when 6106 is divided by 3024?
58
What is the remainder when 12533 is divided by 4169?
26
Calculate the remainder when 36015 is divided by 17.
9
What is the remainder when 44316 is divided by 30?
6
What is the remainder when 470175 is divided by 235087?
1
What is the remainder when 15409 is divided by 861?
772
What is the remainder when 299 is divided by 248?
51
What is the remainder when 5887 is divided by 154?
35
What is the remainder when 55208 is divided by 2055?
1778
What is the remainder when 84986 is divided by 4719?
44
Calculate the remainder when 772342 is divided by 8.
6
What is the remainder when 16515 is divided by 54?
45
Calculate the remainder when 8242 is divided by 75.
67
What is the remainder when 1455466 is divided by 117?
103
Calculate the remainder when 185150 is divided by 292.
22
What is the remainder when 4459196 is divided by 400?
396
What is the remainder when 365 is divided by 144?
77
Calculate the remainder when 22883 is divided by 1522.
53
Calculate the remainder when 47240 is divided by 185.
65
What is the remainder when 393710 is divided by 19?
11
Calculate the remainder when 4553 is divided by 57.
50
What is the remainder when 14120 is divided by 157?
147
Calculate the remainder when 5727 is divided by 2642.
443
What is the remainder when 16317 is divided by 64?
61
What is the remainder when 1545 is divided by 190?
25
Calculate the remainder when 7082 is divided by 28.
26
What is the remainder when 4510 is divided by 413?
380
What is the remainder when 73662 is divided by 19?
18
Calculate the remainder when 6516 is divided by 1253.
251
Calculate the remainder when 32525 is divided by 1203.
44
What is the remainder when 10812 is divided by 432?
12
Calculate the remainder when 1287 is divided by 171.
90
What is the remainder when 3543 is divided by 677?
158
What is the remainder when 9251 is divided by 4613?
25
Calculate the remainder when 49251 is divided by 594.
543
Calculate the remainder when 18137 is divided by 25.
12
What is the remainder when 2600004 is divided by 1723?
1720
Calculate the remainder when 113452 is divided by 33.
31
Calculate the remainder when 12433 is divided by 274.
103
Calculate the remainder when 96423 is divided by 198.
195
Calculate the remainder when 13265 is divided by 1472.
17
Calculate the remainder when 13169 is divided by 455.
429
What is the remainder when 835664 is divided by 88?
16
What is the remainder when 13115 is divided by 2604?
95
Calculate the remainder when 1646 is divided by 1504.
142
Calculate the remainder when 925 is divided by 737.
188
What is the remainder when 19134 is divided by 184?
182
What is the remainder when 40116 is divided by 7999?
121
Calculate the remainder when 3423 is divided by 450.
273
Calculate the remainder when 1052607 is divided by 6.
3
What is the remainder when 6402 is divided by 142?
12
Calculate the remainder when 5307716 is divided by 110.
106
What is the remainder when 3930 is divided by 1304?
18
What is the remainder when 15383 is divided by 30?
23
What is the remainder when 11724 is divided by 334?
34
Calculate the remainder when 79154 is divided by 400.
354
Calculate the remainder when 3502611 is divided by 34.
33
What is the remainder when 4154 is divided by 589?
31
What is the remainder when 11167 is divided by 196?
191
What is the remainder when 2196 is divided by 250?
196
Calculate the remainder when 22077 is divided by 10.
7
Calculate the remainder when 10695 is divided by 2114.
125
What is the remainder when 155336 is divided by 30?
26
Calculate the remainder when 15486 is divided by 5151.
33
What is the remainder when 150314 is divided by 150290?
24
Calculate the remainder when 4175 is divided by 887.
627
What is the remainder when 29086 is divided by 96?
94
What is the remainder when 7949 is divided by 294?
11
Calculate the remainder when 14635 is divided by 287.
285
What is the remainder when 6245 is divided by 20?
5
Calculate the remainder when 826 is divided by 591.
235
What is the remainder when 5811 is divided by 78?
39
Calculate the remainder when 854 is divided by 123.
116
Calculate the remainder when 15274 is divided by 7445.
384
Calculate the remainder when 18321 is divided by 77.
72
What is the remainder when 52859 is divided by 309?
20
Calculate the remainder when 17925 is divided by 59.
48
Calculate the remainder when 75372 is divided by 51.
45
Calculate the remainder when 118508 is divided by 29627.
0
Calculate the remainder when 21967 is divided by 28.
15
Calculate the remainder when 1760353 is divided by 906.
901
What is the remainder when 7847 is divided by 795?
692
Calculate the remainder when 14027 is divided by 434.
139
What is the remainder when 3104 is divided by 354?
272
Calculate the remainder when 52103 is divided by 453.
8
What is the remainder when 7560 is divided by 149?
110
Calculate the remainder when 37630 is divided by 100.
30
Calculate the remainder when 8244 is divided by 908.
72
What is the remainder when 613371 is divided by 174?
21
What is the remainder when 192344 is divided by 124?
20
Calculate the remainder when 3307 is divided by 812.
59
What is the remainder when 133898 is divided by 293?
290
What is the remainder when 11098 is divided by 122?
118
What is the remainder when 3715 is divided by 415?
395
What is the remainder when 1106 is divided by 1084?
22
Calculate the remainder when 4841 is divided by 210.
11
What is the remainder when 13258 is divided by 200?
58
What is the remainder when 18176 is divided by 159?
50
What is the remainder when 667 is divided by 528?
139
Calcu